{"id":306,"date":"2024-12-29T13:31:29","date_gmt":"2024-12-29T12:31:29","guid":{"rendered":"https:\/\/host-3896.webhosting.magentabusiness.at\/?post_type=product&#038;p=306"},"modified":"2026-03-10T09:24:42","modified_gmt":"2026-03-10T08:24:42","slug":"das-bundwerk-2017","status":"publish","type":"product","link":"https:\/\/innviertler-kulturkreis.at\/index.php\/product\/das-bundwerk-2017\/","title":{"rendered":"Das Bundwerk 2017"},"content":{"rendered":"<p>Inhaltsangabe:<\/p>\n<p><strong>Editorial:<\/strong> Karl M. Maier<br \/><strong>Lochen, das sch\u00f6nste Amt der Herrschaft Mattsee (Teil 2):<\/strong> Josef Beck und Alfred Hable<br \/><strong>Ein Blick auf die 95 Thesen Martin Luthers:<\/strong> Jan Lange<br \/><strong>Aus den Tagebucheintragungen des Grafen Joachim zu Ortenbburg:<\/strong> Maria Gann<br \/><strong>Grundsteinlegung f\u00fcr das B\u00fcrgerspital in Braunau a. I. <\/strong>\u00a0Wolfgang Eitzlmair<br \/><strong>Ein b\u00f6mischer S\u00f6ldnerf\u00fchrer und seine Familie werden im Innviertel heimisch <\/strong>Johann Stelzhammer<br \/><strong>Geschichten aus Braunau und dem oberen Innviertel: <\/strong>Tamara und Manfred Rachbauer<br \/><strong>Der M\u00fcnchner Hofmaler Hans Dornauer<\/strong> Josef Beck und Alfred Hable<br \/><strong>Zwei Meister der Innviertler K\u00fcnstlegilde:<\/strong> Gregor Fuchs<br \/><strong>Die Burghauser Pechlersippe Fundini im \u00d6ttinger- und Weilhartsforst: <\/strong>Johann Dorner<br \/><strong>\u201eGipser und Stuckhadorer\u201c K\u00fcnstler des Barock und Rokoko:<\/strong> Leopoldine Swoboda<br \/><strong>Unehelich geborene Kinder:<\/strong> Gerhard Schwack\u00a0<br \/><strong>Wie fr\u00fcher Kalk gebrannt wurde:<\/strong> Josef Gann<br \/><strong>Der alte Pfarrhof in Ro\u00dfbach:<\/strong> Franz Maier<br \/><strong>\u201eDer Stampf\u201c \u00d6lstampf:<\/strong> Johannes Eichberger<br \/><strong>Braunau zwischen Krieg und Frieden: <\/strong>Michael Stabauer<br \/><strong>Die schwere Erkrankung des Mdfg. Malers Louis Hofbauer: <\/strong>\u00a0Karl. M. Maier<br \/><strong>Das Hotel Fink in Braunau, Teil 2:<\/strong> Leopold Heinr. Ammerer<br \/><strong>Die \u201eAugenbr\u00fcndlkapelle\u201c in Minig:<\/strong> Heinrich Kreilinger<br \/><strong>Der Altheimer Malermeister u. Kunstmaler Friedrich Redinger:<\/strong> Maria Braid<br \/><strong>Gottfried Landl, Erinnerungen an einen bemerkenswerten B\u00fcrgermeister:<\/strong> G\u00fcnther Pointinger<br \/><strong>Zum Gedenken an Dr. Ernst Kubesch:<\/strong> Herbert Stadler<\/p>\n","protected":false},"excerpt":{"rendered":"<p>Schriftenreihe des Innviertler Kulturkreises, Band 32<\/p>\n","protected":false},"featured_media":307,"template":"","meta":[],"product_brand":[],"product_cat":[41],"product_tag":[],"class_list":{"0":"post-306","1":"product","2":"type-product","3":"status-publish","4":"has-post-thumbnail","6":"product_cat-buecher","8":"first","9":"instock","10":"shipping-taxable","11":"purchasable","12":"product-type-simple"},"publishpress_future_workflow_manual_trigger":{"enabledWorkflows":[]},"_links":{"self":[{"href":"https:\/\/innviertler-kulturkreis.at\/index.php\/wp-json\/wp\/v2\/product\/306","targetHints":{"allow":["GET"]}}],"collection":[{"href":"https:\/\/innviertler-kulturkreis.at\/index.php\/wp-json\/wp\/v2\/product"}],"about":[{"href":"https:\/\/innviertler-kulturkreis.at\/index.php\/wp-json\/wp\/v2\/types\/product"}],"wp:featuredmedia":[{"embeddable":true,"href":"https:\/\/innviertler-kulturkreis.at\/index.php\/wp-json\/wp\/v2\/media\/307"}],"wp:attachment":[{"href":"https:\/\/innviertler-kulturkreis.at\/index.php\/wp-json\/wp\/v2\/media?parent=306"}],"wp:term":[{"taxonomy":"product_brand","embeddable":true,"href":"https:\/\/innviertler-kulturkreis.at\/index.php\/wp-json\/wp\/v2\/product_brand?post=306"},{"taxonomy":"product_cat","embeddable":true,"href":"https:\/\/innviertler-kulturkreis.at\/index.php\/wp-json\/wp\/v2\/product_cat?post=306"},{"taxonomy":"product_tag","embeddable":true,"href":"https:\/\/innviertler-kulturkreis.at\/index.php\/wp-json\/wp\/v2\/product_tag?post=306"}],"curies":[{"name":"wp","href":"https:\/\/api.w.org\/{rel}","templated":true}]}}

<p>Inhaltsangabe:</p>
<p><strong>Editorial:</strong> Karl M. Maier<br /><strong>Lochen, das schönste Amt der Herrschaft Mattsee (Teil 2):</strong> Josef Beck und Alfred Hable<br /><strong>Ein Blick auf die 95 Thesen Martin Luthers:</strong> Jan Lange<br /><strong>Aus den Tagebucheintragungen des Grafen Joachim zu Ortenbburg:</strong> Maria Gann<br /><strong>Grundsteinlegung für das Bürgerspital in Braunau a. I. </strong> Wolfgang Eitzlmair<br /><strong>Ein bömischer Söldnerführer und seine Familie werden im Innviertel heimisch </strong>Johann Stelzhammer<br /><strong>Geschichten aus Braunau und dem oberen Innviertel: </strong>Tamara und Manfred Rachbauer<br /><strong>Der Münchner Hofmaler Hans Dornauer</strong> Josef Beck und Alfred Hable<br /><strong>Zwei Meister der Innviertler Künstlegilde:</strong> Gregor Fuchs<br /><strong>Die Burghauser Pechlersippe Fundini im Öttinger- und Weilhartsforst: </strong>Johann Dorner<br /><strong>„Gipser und Stuckhadorer“ Künstler des Barock und Rokoko:</strong> Leopoldine Swoboda<br /><strong>Unehelich geborene Kinder:</strong> Gerhard Schwack <br /><strong>Wie früher Kalk gebrannt wurde:</strong> Josef Gann<br /><strong>Der alte Pfarrhof in Roßbach:</strong> Franz Maier<br /><strong>„Der Stampf“ Ölstampf:</strong> Johannes Eichberger<br /><strong>Braunau zwischen Krieg und Frieden: </strong>Michael Stabauer<br /><strong>Die schwere Erkrankung des Mdfg. Malers Louis Hofbauer: </strong> Karl. M. Maier<br /><strong>Das Hotel Fink in Braunau, Teil 2:</strong> Leopold Heinr. Ammerer<br /><strong>Die „Augenbründlkapelle“ in Minig:</strong> Heinrich Kreilinger<br /><strong>Der Altheimer Malermeister u. Kunstmaler Friedrich Redinger:</strong> Maria Braid<br /><strong>Gottfried Landl, Erinnerungen an einen bemerkenswerten Bürgermeister:</strong> Günther Pointinger<br /><strong>Zum Gedenken an Dr. Ernst Kubesch:</strong> Herbert Stadler</p>
