{"id":304,"date":"2024-12-29T13:28:38","date_gmt":"2024-12-29T12:28:38","guid":{"rendered":"https:\/\/host-3896.webhosting.magentabusiness.at\/?post_type=product&#038;p=304"},"modified":"2026-03-10T09:24:42","modified_gmt":"2026-03-10T08:24:42","slug":"das-bundwerk-2018","status":"publish","type":"product","link":"https:\/\/innviertler-kulturkreis.at\/index.php\/product\/das-bundwerk-2018\/","title":{"rendered":"Das Bundwerk 2018"},"content":{"rendered":"<p>Inhaltsangabe:<\/p>\n<p><strong>Editorial:<\/strong> Karl M. Maier (Seite 1)<br \/><strong>40 Jahre Innviertler Kulturkreis \u2013 ein gro\u00dfartiges Fest:<\/strong> Michael Stabauer (Seite 2)<br \/><strong>Ein w\u00fcrdiges Jubil\u00e4umsfest zur 40.O\u00d6 Volksmusikwoche:<\/strong> Birgit Juric-Kaufmann (Seite 4)<br \/><strong>Der Braunauer Stadthauptmann \u2013 Hans Steininger:<\/strong> Tamara und Manfred Rachbauer (Seite 7)<br \/><strong>Ein Deckengem\u00e4lde in der Geinberger Pfarrkirche erinnert an ein bedeutendes Ereignis \u2013 an die Seeschlacht von Lepanto:<\/strong> Johann Stelzhammer \u00a0(Seite 15)<br \/><strong>Wechselwirkung der Gew\u00f6lbefiguration in der B\u00fcrgerspitalkirche von Braunau: <\/strong>Gerhard Schwack (Seite 22)<br \/><strong>Gewunden \/Umwunden \u2013 zur Vielfalt barocker Altars\u00e4ulen: <\/strong>Leopoldine Swoboda (Seite 24)<br \/><strong>Drei Burghauser lenken als Pr\u00f6pste in schwierigen Zeiten das Augustiner-Chorherrenstift Ranshofen:<\/strong> Johann Dorner (Seite 301)<br \/><strong>Der Lochner und Ast\u00e4tter hochaltar in Dokumente:<\/strong> Alfred Hable (Seite 36)<br \/><strong>Das Dekanat Pischelsdorf im 18. Jahrhundert mit seinen Pfarren im heutigen Bayern:<\/strong> Josef Beck (Seite 44)<br \/><strong>250 Jahre Meteroitenfall von Mauerkirchen:<\/strong> Herbert G. Brandstetter (Seite 58)<br \/><strong>Das Kaspergut in Gietzing im Lauf der Geschichte:<\/strong> Josef Gann (Seite 66)<br \/><strong>Langj\u00e4hrige Territorialstreitigkeiten zwischen dem Pfleggericht Mattsee und dem Landgericht Friedburg wegen des Bruderhauses in Ast\u00e4tt:<\/strong> Karl Martin Maier (Seite 73)<br \/><strong>Franz Xaver Gruber in Hochburg:<\/strong> Ludwig Schwanninger (Seite 86)<br \/><strong>Krippenbaukunst im Oberen Innviertel:<\/strong> Josef Manglberger, Manfred Priester, Michael Stabauer \u00a0(Seite 89)<br \/><strong>Franz Xaver Stadler \u2013 der Ehrendomherr aus Gilgenberg: <\/strong>Maria Braid (Seite 100)<br \/><strong>Trennung der Gemeinden Kirchberg und Pfaffst\u00e4tt im Jahre 1908: <\/strong>\u00a0Michael Stabauer (Seite 108)<br \/><strong>Der Rindenschachern bei Wagenham:<\/strong> Maria Gann (Seite 112)<br \/><strong>\u2026 und \u201eg\u00fclden\u201c gl\u00e4nzte der Turm im Sonnenlicht:<\/strong> Karl Martin Maier (Seite 117)<br \/><strong>Kinder aufs Land \u2013 Kinder zu Gast:<\/strong> Franz Maier (Seite 128)<br \/><strong>Elisabeth Roider zum 100. Geburtstag:<\/strong> G\u00fcnther Pointinger (Seite 141)<br \/><strong>Franz Weckermann:<\/strong> Irene Falb (Seite 145)<br \/><strong>De morte et de plantis:<\/strong> Michael Hohla und Cornelia Schlosser (Seite 149)<br \/><strong>H.P. Schaller \u2013 ein Dokumentarfilmer aus Mattighofen:<\/strong> Karl Martin Maaier (Seite 165)<br \/>\u00a0<\/p>\n","protected":false},"excerpt":{"rendered":"<p>Schriftenreihe des Innviertler Kulturkreises, Band 33<\/p>\n","protected":false},"featured_media":305,"template":"","meta":[],"product_brand":[],"product_cat":[41],"product_tag":[],"class_list":{"0":"post-304","1":"product","2":"type-product","3":"status-publish","4":"has-post-thumbnail","6":"product_cat-buecher","8":"first","9":"instock","10":"shipping-taxable","11":"purchasable","12":"product-type-simple"},"publishpress_future_workflow_manual_trigger":{"enabledWorkflows":[]},"_links":{"self":[{"href":"https:\/\/innviertler-kulturkreis.at\/index.php\/wp-json\/wp\/v2\/product\/304","targetHints":{"allow":["GET"]}}],"collection":[{"href":"https:\/\/innviertler-kulturkreis.at\/index.php\/wp-json\/wp\/v2\/product"}],"about":[{"href":"https:\/\/innviertler-kulturkreis.at\/index.php\/wp-json\/wp\/v2\/types\/product"}],"wp:featuredmedia":[{"embeddable":true,"href":"https:\/\/innviertler-kulturkreis.at\/index.php\/wp-json\/wp\/v2\/media\/305"}],"wp:attachment":[{"href":"https:\/\/innviertler-kulturkreis.at\/index.php\/wp-json\/wp\/v2\/media?parent=304"}],"wp:term":[{"taxonomy":"product_brand","embeddable":true,"href":"https:\/\/innviertler-kulturkreis.at\/index.php\/wp-json\/wp\/v2\/product_brand?post=304"},{"taxonomy":"product_cat","embeddable":true,"href":"https:\/\/innviertler-kulturkreis.at\/index.php\/wp-json\/wp\/v2\/product_cat?post=304"},{"taxonomy":"product_tag","embeddable":true,"href":"https:\/\/innviertler-kulturkreis.at\/index.php\/wp-json\/wp\/v2\/product_tag?post=304"}],"curies":[{"name":"wp","href":"https:\/\/api.w.org\/{rel}","templated":true}]}}

<p>Inhaltsangabe:</p>
<p><strong>Editorial:</strong> Karl M. Maier (Seite 1)<br /><strong>40 Jahre Innviertler Kulturkreis – ein großartiges Fest:</strong> Michael Stabauer (Seite 2)<br /><strong>Ein würdiges Jubiläumsfest zur 40.OÖ Volksmusikwoche:</strong> Birgit Juric-Kaufmann (Seite 4)<br /><strong>Der Braunauer Stadthauptmann – Hans Steininger:</strong> Tamara und Manfred Rachbauer (Seite 7)<br /><strong>Ein Deckengemälde in der Geinberger Pfarrkirche erinnert an ein bedeutendes Ereignis – an die Seeschlacht von Lepanto:</strong> Johann Stelzhammer  (Seite 15)<br /><strong>Wechselwirkung der Gewölbefiguration in der Bürgerspitalkirche von Braunau: </strong>Gerhard Schwack (Seite 22)<br /><strong>Gewunden /Umwunden – zur Vielfalt barocker Altarsäulen: </strong>Leopoldine Swoboda (Seite 24)<br /><strong>Drei Burghauser lenken als Pröpste in schwierigen Zeiten das Augustiner-Chorherrenstift Ranshofen:</strong> Johann Dorner (Seite 301)<br /><strong>Der Lochner und Astätter hochaltar in Dokumente:</strong> Alfred Hable (Seite 36)<br /><strong>Das Dekanat Pischelsdorf im 18. Jahrhundert mit seinen Pfarren im heutigen Bayern:</strong> Josef Beck (Seite 44)<br /><strong>250 Jahre Meteroitenfall von Mauerkirchen:</strong> Herbert G. Brandstetter (Seite 58)<br /><strong>Das Kaspergut in Gietzing im Lauf der Geschichte:</strong> Josef Gann (Seite 66)<br /><strong>Langjährige Territorialstreitigkeiten zwischen dem Pfleggericht Mattsee und dem Landgericht Friedburg wegen des Bruderhauses in Astätt:</strong> Karl Martin Maier (Seite 73)<br /><strong>Franz Xaver Gruber in Hochburg:</strong> Ludwig Schwanninger (Seite 86)<br /><strong>Krippenbaukunst im Oberen Innviertel:</strong> Josef Manglberger, Manfred Priester, Michael Stabauer  (Seite 89)<br /><strong>Franz Xaver Stadler – der Ehrendomherr aus Gilgenberg: </strong>Maria Braid (Seite 100)<br /><strong>Trennung der Gemeinden Kirchberg und Pfaffstätt im Jahre 1908: </strong> Michael Stabauer (Seite 108)<br /><strong>Der Rindenschachern bei Wagenham:</strong> Maria Gann (Seite 112)<br /><strong>… und „gülden“ glänzte der Turm im Sonnenlicht:</strong> Karl Martin Maier (Seite 117)<br /><strong>Kinder aufs Land – Kinder zu Gast:</strong> Franz Maier (Seite 128)<br /><strong>Elisabeth Roider zum 100. Geburtstag:</strong> Günther Pointinger (Seite 141)<br /><strong>Franz Weckermann:</strong> Irene Falb (Seite 145)<br /><strong>De morte et de plantis:</strong> Michael Hohla und Cornelia Schlosser (Seite 149)<br /><strong>H.P. Schaller – ein Dokumentarfilmer aus Mattighofen:</strong> Karl Martin Maaier (Seite 165)<br /> </p>
