{"id":296,"date":"2024-12-29T13:13:25","date_gmt":"2024-12-29T12:13:25","guid":{"rendered":"https:\/\/host-3896.webhosting.magentabusiness.at\/?post_type=product&#038;p=296"},"modified":"2026-03-10T09:24:42","modified_gmt":"2026-03-10T08:24:42","slug":"das-bundwerk-2022","status":"publish","type":"product","link":"https:\/\/innviertler-kulturkreis.at\/index.php\/product\/das-bundwerk-2022\/","title":{"rendered":"Das Bundwerk 2022"},"content":{"rendered":"<p>INHALTSANGABE:<\/p>\n<p><strong>Editorial: <\/strong>Karl M. Maier und Johann Welles (Seite 3)<br \/><strong>Der Moosbacher Schlossberg: <\/strong>Franz Maier (Seite 5)<strong><br \/>Die Unter-Kirche von Haigermoos: <\/strong>Josef Kern (Seite 18)<br \/><strong>Geschichte des Banats, Teil 1: <\/strong>Michael Stabauer (Seite 28)<strong><br \/>\u201eAbgeschaffte Feiertage\u201c \u2013 Bauernfeiertage \u2013 wer kennt sie noch? <\/strong>Josef Kern (Seite 39) <strong><br \/>(Un)bekannte museale Sch\u00e4tze aus Braunau am Inn:<\/strong> Tamara und ManfredRachbauer (Seite 45) <strong><br \/>Epitaphe an einem ungew\u00f6hnlichen Platz in Mattighofen: Karl Martin Maier <\/strong>(Seite 54)<br \/><strong>Sp\u00e4tgotische T\u00fcrbeschl\u00e4ge im Innviertel,Teil 1 \u2013 Lilienbeschl\u00e4ge: <\/strong>Leopoldine Swoboda (Seite 68)<br \/><strong>Das Ro\u00df Artztney Buch vom Grafen zu Buch: <\/strong>Johann Welles (Seite 75) <strong><br \/>Wallfahrtskirche wird zur Wochenstube: <\/strong>Manuela Salcher (Seite 82)<strong><br \/>Historische Wall- und Siedlungsanlagen in der Gemeinde Lengau: <\/strong>Adolf Falb (Seite 90)<br \/><strong>Der Lochner \u00d6lberg &#8211; eine lange Geschichte: <\/strong>Alfred Hable (Seite 100)<strong><br \/>Johann Buttinger: <\/strong>G\u00fcnther Pointinger (Seite 109)<strong><br \/>Der Name K\u00f6nig in St.Georgen am Fillmannsbach : <\/strong>Franz Kastinger (Seite 119)<strong><br \/>60 Jahre Zoologische Gesellschaft Braunau: <\/strong>Albert Ulbig (Seite 124)<br \/><strong>Erdst\u00e4lle im Innviertel \u2013 ein Blick auf die r\u00e4tselhaften \u201eGeheimg\u00e4nge\u201c: <\/strong>Josef Weichenberger (Seite 131)<br \/><strong>Innviertler Schl\u00f6sser nach der Erwerbung des Innviertels 1779: <\/strong>Karl Martin Maier (Seite 151) \u00a0<br \/><strong>Julbach in den \u201eBairischen Landtafeln\u201c des Philipp Apian: <\/strong>Wolf-Dieter Hergeth; Burgfreunde zu Julbach E.V. (Seite 158) \u00a0<br \/><strong>Eisen- und Schmiedekunst in der Wallfahrtskirche Hart, Gemeinde Pischelsdorf: <\/strong>Wolfgang Auer (Seite 165)<strong><br \/>Die Pockenimpfung im Salzachkreis: Franz Maier (Seite 170)<br \/>Die sittlich-moralischen Zust\u00e4nde im F\u00fcrsterzstift (Kurf\u00fcrstentum) Salzburg: <\/strong>Gerhard Michaelk (Seite 183)<strong><br \/>Die Rettung der Haselbacher St. Valentins Kirche, Teil 2: <\/strong>Franz Christian Brandner (Seite 194)<\/p>\n","protected":false},"excerpt":{"rendered":"<p>Schriftenreihe des Innviertler Kulturkreises, Band 37<\/p>\n","protected":false},"featured_media":297,"template":"","meta":[],"product_brand":[],"product_cat":[41],"product_tag":[],"class_list":{"0":"post-296","1":"product","2":"type-product","3":"status-publish","4":"has-post-thumbnail","6":"product_cat-buecher","8":"first","9":"instock","10":"shipping-taxable","11":"purchasable","12":"product-type-simple"},"publishpress_future_workflow_manual_trigger":{"enabledWorkflows":[]},"_links":{"self":[{"href":"https:\/\/innviertler-kulturkreis.at\/index.php\/wp-json\/wp\/v2\/product\/296","targetHints":{"allow":["GET"]}}],"collection":[{"href":"https:\/\/innviertler-kulturkreis.at\/index.php\/wp-json\/wp\/v2\/product"}],"about":[{"href":"https:\/\/innviertler-kulturkreis.at\/index.php\/wp-json\/wp\/v2\/types\/product"}],"wp:featuredmedia":[{"embeddable":true,"href":"https:\/\/innviertler-kulturkreis.at\/index.php\/wp-json\/wp\/v2\/media\/297"}],"wp:attachment":[{"href":"https:\/\/innviertler-kulturkreis.at\/index.php\/wp-json\/wp\/v2\/media?parent=296"}],"wp:term":[{"taxonomy":"product_brand","embeddable":true,"href":"https:\/\/innviertler-kulturkreis.at\/index.php\/wp-json\/wp\/v2\/product_brand?post=296"},{"taxonomy":"product_cat","embeddable":true,"href":"https:\/\/innviertler-kulturkreis.at\/index.php\/wp-json\/wp\/v2\/product_cat?post=296"},{"taxonomy":"product_tag","embeddable":true,"href":"https:\/\/innviertler-kulturkreis.at\/index.php\/wp-json\/wp\/v2\/product_tag?post=296"}],"curies":[{"name":"wp","href":"https:\/\/api.w.org\/{rel}","templated":true}]}}

<p>INHALTSANGABE:</p>
<p><strong>Editorial: </strong>Karl M. Maier und Johann Welles (Seite 3)<br /><strong>Der Moosbacher Schlossberg: </strong>Franz Maier (Seite 5)<strong><br />Die Unter-Kirche von Haigermoos: </strong>Josef Kern (Seite 18)<br /><strong>Geschichte des Banats, Teil 1: </strong>Michael Stabauer (Seite 28)<strong><br />„Abgeschaffte Feiertage“ – Bauernfeiertage – wer kennt sie noch? </strong>Josef Kern (Seite 39) <strong><br />(Un)bekannte museale Schätze aus Braunau am Inn:</strong> Tamara und ManfredRachbauer (Seite 45) <strong><br />Epitaphe an einem ungewöhnlichen Platz in Mattighofen: Karl Martin Maier </strong>(Seite 54)<br /><strong>Spätgotische Türbeschläge im Innviertel,Teil 1 – Lilienbeschläge: </strong>Leopoldine Swoboda (Seite 68)<br /><strong>Das Roß Artztney Buch vom Grafen zu Buch: </strong>Johann Welles (Seite 75) <strong><br />Wallfahrtskirche wird zur Wochenstube: </strong>Manuela Salcher (Seite 82)<strong><br />Historische Wall- und Siedlungsanlagen in der Gemeinde Lengau: </strong>Adolf Falb (Seite 90)<br /><strong>Der Lochner Ölberg &#8211; eine lange Geschichte: </strong>Alfred Hable (Seite 100)<strong><br />Johann Buttinger: </strong>Günther Pointinger (Seite 109)<strong><br />Der Name König in St.Georgen am Fillmannsbach : </strong>Franz Kastinger (Seite 119)<strong><br />60 Jahre Zoologische Gesellschaft Braunau: </strong>Albert Ulbig (Seite 124)<br /><strong>Erdställe im Innviertel – ein Blick auf die rätselhaften „Geheimgänge“: </strong>Josef Weichenberger (Seite 131)<br /><strong>Innviertler Schlösser nach der Erwerbung des Innviertels 1779: </strong>Karl Martin Maier (Seite 151)  <br /><strong>Julbach in den „Bairischen Landtafeln“ des Philipp Apian: </strong>Wolf-Dieter Hergeth; Burgfreunde zu Julbach E.V. (Seite 158)  <br /><strong>Eisen- und Schmiedekunst in der Wallfahrtskirche Hart, Gemeinde Pischelsdorf: </strong>Wolfgang Auer (Seite 165)<strong><br />Die Pockenimpfung im Salzachkreis: Franz Maier (Seite 170)<br />Die sittlich-moralischen Zustände im Fürsterzstift (Kurfürstentum) Salzburg: </strong>Gerhard Michaelk (Seite 183)<strong><br />Die Rettung der Haselbacher St. Valentins Kirche, Teil 2: </strong>Franz Christian Brandner (Seite 194)</p>
