{"id":133,"date":"2024-12-28T11:09:42","date_gmt":"2024-12-28T10:09:42","guid":{"rendered":"https:\/\/host-3896.webhosting.magentabusiness.at\/?post_type=product&#038;p=133"},"modified":"2026-03-10T09:24:42","modified_gmt":"2026-03-10T08:24:42","slug":"das-bundwerk-2024","status":"publish","type":"product","link":"https:\/\/innviertler-kulturkreis.at\/index.php\/product\/das-bundwerk-2024\/","title":{"rendered":"Das Bundwerk 2024"},"content":{"rendered":"<p>Inhaltsverzeichnis:<br \/><strong>Editorial:<\/strong> Karl M. Maier und Johann Welles (Seite 3)<br \/><strong>Verleihung der Plakette \u201eBleibende Werte f\u00fcrs Innviertel\u201c:<\/strong> Johann Welles(Seite 5)<br \/><strong>Das Maiergut in Jahrsdorf: <\/strong>Wolfgang Auer und Johann Welles (Seite 8)<br \/><strong>Entstehungsgeschichte des Riesenmuseums Lengau<\/strong>: G\u00fcnther Pointinger (Seite 14)<br \/><strong>Sp\u00e4tgotische T\u00fcrbeschl\u00e4ge im Innviertel, Teil 2<\/strong>: Leopoldine Swoboda (Seite 28)<br \/><strong>Pfleggericht Uttendorf \u2013 Ein vergessener Gerichtsstandort?<\/strong> Franz Maier, Burgkirchen (Seite 32)<br \/><strong>Sepp Friesenecker \u2013 ein Urgestein des Kobernau\u00dferwaldes:<\/strong> Hans Hermandinger (Seite 40)<br \/><strong>Zur Geschichte des Edelsitzes am Berg:<\/strong> Josef Gann (Seite 46)<br \/><strong>Die Reformation und die Reformierten:<\/strong> Franz Seiser (Seite 54)<br \/><strong>Das ehemalige Hl. Geist- oder B\u00fcrgerspital zu Mattighofen:<\/strong> Karl Maier (Seite 69)<br \/><strong>Naturdenkmale \u2013 Betrachtungen zur Wirksamkeit und Zeitgem\u00e4\u00dfheit einer Schutzkategorie:<\/strong> Michael Hohla (Seite 92)<br \/><strong>Meier Helmbrechts Selbsterh\u00f6hung und tragisches Ende:<\/strong> Franz Maier, Moosbach (Seite 112)<br \/><strong>Die lange Suche nach einem Stiftungskapital:<\/strong> Franz Kastinger (Seite 118)<br \/><strong>160 Jahre Pfarr- und Wallfahrtskirche Maria Schmolln:<\/strong> Manuela Gschwendtner (Seite 122)<br \/><strong>Glocken aus Braunau:<\/strong> Wolfgang Auer (Seite 130)<br \/><strong>Die Salzach im Ostermiethinger Gemeindegebiet im 17. Jahrhundert<\/strong>: Karl Hager (Seite 133)<br \/><strong>Aus der Geschichte Schneegatterns:<\/strong> Adolf Falb (Seite 138)<br \/><strong>Volkskunde und Sympatieheilkunde:<\/strong> Maria Gann (Seite 143)<br \/><strong>Holzbezugsrechte anno 1759:<\/strong> Rudolf Mayr (Seite 150)<br \/><strong>Eine unbekannte Schwanthalerkanzlei im Vilstal: <\/strong>Gerhard Staudigl (Seite 153)<br \/><strong>Wirtss\u00f6hne werden zu Textdichter und Komponisten:<\/strong> Gerhard Staudigl (Seite 159)<br \/><strong>Bahn-Halt-Julbach:<\/strong> Dieter Hergeth (Seite 162)<br \/><strong>Seltsame aber durchaus wahre Geschichte(n) aus dem innviertlerisch bayerischen Grenzgebiet:<\/strong> Tamara und Manfred Rachbauer (Seite 171)<br \/><strong>Mehrfacher schwerer Raub (anno 1843):<\/strong> Gerhard P. Michaelk (Seite 184)<br \/><strong>Neuwahl des Vorstandes des Innviertler Kulturkreises:<\/strong> Johann Welles (Seite 194)<br \/><strong>Nachruf Gregor Fuchs:<\/strong> Maria Braid (Seite 196)<br \/><strong>Nachruf Walter W\u00fchrer<\/strong>: Maria Gann (Seite 197)<\/p>\n","protected":false},"excerpt":{"rendered":"<p>Schriftenreihe des Innviertler Kulturkreises, Band 39<\/p>\n","protected":false},"featured_media":100,"template":"","meta":[],"product_brand":[],"product_cat":[41],"product_tag":[],"class_list":{"0":"post-133","1":"product","2":"type-product","3":"status-publish","4":"has-post-thumbnail","6":"product_cat-buecher","8":"first","9":"instock","10":"featured","11":"shipping-taxable","12":"purchasable","13":"product-type-simple"},"publishpress_future_workflow_manual_trigger":{"enabledWorkflows":[]},"_links":{"self":[{"href":"https:\/\/innviertler-kulturkreis.at\/index.php\/wp-json\/wp\/v2\/product\/133","targetHints":{"allow":["GET"]}}],"collection":[{"href":"https:\/\/innviertler-kulturkreis.at\/index.php\/wp-json\/wp\/v2\/product"}],"about":[{"href":"https:\/\/innviertler-kulturkreis.at\/index.php\/wp-json\/wp\/v2\/types\/product"}],"wp:featuredmedia":[{"embeddable":true,"href":"https:\/\/innviertler-kulturkreis.at\/index.php\/wp-json\/wp\/v2\/media\/100"}],"wp:attachment":[{"href":"https:\/\/innviertler-kulturkreis.at\/index.php\/wp-json\/wp\/v2\/media?parent=133"}],"wp:term":[{"taxonomy":"product_brand","embeddable":true,"href":"https:\/\/innviertler-kulturkreis.at\/index.php\/wp-json\/wp\/v2\/product_brand?post=133"},{"taxonomy":"product_cat","embeddable":true,"href":"https:\/\/innviertler-kulturkreis.at\/index.php\/wp-json\/wp\/v2\/product_cat?post=133"},{"taxonomy":"product_tag","embeddable":true,"href":"https:\/\/innviertler-kulturkreis.at\/index.php\/wp-json\/wp\/v2\/product_tag?post=133"}],"curies":[{"name":"wp","href":"https:\/\/api.w.org\/{rel}","templated":true}]}}

<p>Inhaltsverzeichnis:<br /><strong>Editorial:</strong> Karl M. Maier und Johann Welles (Seite 3)<br /><strong>Verleihung der Plakette „Bleibende Werte fürs Innviertel“:</strong> Johann Welles(Seite 5)<br /><strong>Das Maiergut in Jahrsdorf: </strong>Wolfgang Auer und Johann Welles (Seite 8)<br /><strong>Entstehungsgeschichte des Riesenmuseums Lengau</strong>: Günther Pointinger (Seite 14)<br /><strong>Spätgotische Türbeschläge im Innviertel, Teil 2</strong>: Leopoldine Swoboda (Seite 28)<br /><strong>Pfleggericht Uttendorf – Ein vergessener Gerichtsstandort?</strong> Franz Maier, Burgkirchen (Seite 32)<br /><strong>Sepp Friesenecker – ein Urgestein des Kobernaußerwaldes:</strong> Hans Hermandinger (Seite 40)<br /><strong>Zur Geschichte des Edelsitzes am Berg:</strong> Josef Gann (Seite 46)<br /><strong>Die Reformation und die Reformierten:</strong> Franz Seiser (Seite 54)<br /><strong>Das ehemalige Hl. Geist- oder Bürgerspital zu Mattighofen:</strong> Karl Maier (Seite 69)<br /><strong>Naturdenkmale – Betrachtungen zur Wirksamkeit und Zeitgemäßheit einer Schutzkategorie:</strong> Michael Hohla (Seite 92)<br /><strong>Meier Helmbrechts Selbsterhöhung und tragisches Ende:</strong> Franz Maier, Moosbach (Seite 112)<br /><strong>Die lange Suche nach einem Stiftungskapital:</strong> Franz Kastinger (Seite 118)<br /><strong>160 Jahre Pfarr- und Wallfahrtskirche Maria Schmolln:</strong> Manuela Gschwendtner (Seite 122)<br /><strong>Glocken aus Braunau:</strong> Wolfgang Auer (Seite 130)<br /><strong>Die Salzach im Ostermiethinger Gemeindegebiet im 17. Jahrhundert</strong>: Karl Hager (Seite 133)<br /><strong>Aus der Geschichte Schneegatterns:</strong> Adolf Falb (Seite 138)<br /><strong>Volkskunde und Sympatieheilkunde:</strong> Maria Gann (Seite 143)<br /><strong>Holzbezugsrechte anno 1759:</strong> Rudolf Mayr (Seite 150)<br /><strong>Eine unbekannte Schwanthalerkanzlei im Vilstal: </strong>Gerhard Staudigl (Seite 153)<br /><strong>Wirtssöhne werden zu Textdichter und Komponisten:</strong> Gerhard Staudigl (Seite 159)<br /><strong>Bahn-Halt-Julbach:</strong> Dieter Hergeth (Seite 162)<br /><strong>Seltsame aber durchaus wahre Geschichte(n) aus dem innviertlerisch bayerischen Grenzgebiet:</strong> Tamara und Manfred Rachbauer (Seite 171)<br /><strong>Mehrfacher schwerer Raub (anno 1843):</strong> Gerhard P. Michaelk (Seite 184)<br /><strong>Neuwahl des Vorstandes des Innviertler Kulturkreises:</strong> Johann Welles (Seite 194)<br /><strong>Nachruf Gregor Fuchs:</strong> Maria Braid (Seite 196)<br /><strong>Nachruf Walter Wührer</strong>: Maria Gann (Seite 197)</p>
